. Calculate the remainder when n is divided by 10/65 - (-334)/26.
12
Let q(s) = -s + 1. Let h(m) = -m**3 + m**2 + 4*m + 3. Calculate the remainder when h(-2) is divided by q(-1).
1
Suppose 17*k = -s + 16*k + 21, 2*k = -5*s + 99. What is the remainder when s is divided by 5?
4
Let j(x) = -x + 12. What is the remainder when 7 is divided by j(7)?
2
Let n(p) = -p**3 - p**2 + 5*p - 6. Let z be n(-5). Let d = -34 + z. Let s = 4 + 5. Calculate the remainder when d is divided by s.
8
Let u(z) = -3*z**3 + z**2 + z + 2. What is the remainder when u(-2) is divided by -2 + 3/(-1)*-4?
8
Let n = -34 - -47. Let l = 60 - 22. What is the remainder when l is divided by n?
12
Suppose 0 = -5*m + 2*o + 19, 4*o = 4*m + 3*o - 14. Suppose -x - 4*r = -4*x - 24, 4*r = -3*x. What is the remainder when -2 - x - (-5 - 1) is divided by m?
2
Let v(k) = k**3 - k. Let x(h) = h - 2. Let n(o) = -v(o) + x(o). Calculate the remainder when n(-3) is divided by 5.
4
Suppose 0 = 5*a - 4*s - 85 + 18, -3*a = -5*s - 35. Calculate the remainder when 44 is divided by a.
14
Let g = 4 + 12. Suppose -29 = 2*m - 3*m. Calculate the remainder when m - (-5 - (-9)/3) is divided by g.
15
Suppose 0 = q - 0 - 2. Calculate the remainder when q*-1 + (4 - 0) is divided by 6/27 - (-14)/18.
0
Let g = -13 - -20. Let z be (-2)/(-5)*(2 - g). Calculate the remainder when (24 + z)*(-2)/(-4) is divided by 7.
4
Let b(d) = d**2 + 11*d - 1. What is the remainder when 40 is divided by b(-12)?
7
Let l(n) = 4*n**2 + 7. Let p(h) = 7*h**2 - h + 14. Let s(b) = -5*l(b) + 3*p(b). Calculate the remainder when s(8) is divided by 12.
11
What is the remainder when 17 is divided by (-6)/2 + 9 + 3?
8
Let o = 34 + 11. What is the remainder when o is divided by 23?
22
Let r = -44 + 30. Let u = r + 37. Calculate the remainder when 44 is divided by u.
21
Suppose -2*m - 28 = -6*m. Let h = m + 11. Calculate the remainder when 316/6 - 4/6 is divided by h.
16
Let i = 77 + -30. Let u = 30 - 14. What is the remainder when i is divided by u?
15
Let u(w) = -45*w**3 - 1. Let z be u(1). Suppose -5*f + 4*n + 45 + 7 = 0, 0 = 3*n - 6. Calculate the remainder when (z/(-8))/((-2)/(-8)) is divided by f.
11
Suppose -4*z + s - 23 + 96 = 0, z + 2*s = 25. What is the remainder when 35 is divided by z?
16
Let z = 105 + -88. What is the remainder when (-2)/(2/(-35)) - 2 is divided by z?
16
Let f(v) be the third derivative of 19*v**5/60 - v**4/24 - 3*v**2. Calculate the remainder when 59 is divided by f(-1).
19
Suppose 12 = -y + 4*y. Suppose y*t = 68 - 8. What is the remainder when 57 is divided by t?
12
Suppose -1 = -2*h + 5. Suppose h = f + 1, -2*c + 2*f = 54. Calculate the remainder when 50 is divided by (-84)/(-5) - 5/c.
16
Suppose -4*m = -0*m - 128. Suppose -2*n + 11 = 5*f, -2*f + 4*f = 2*n - m. What is the remainder when n is divided by 5?
3
Suppose 16 = -4*p + 72. Suppose -5*g - 32 + 162 = 0. What is the remainder when g is divided by p?
12
Let n(r) = -r. Let j(k) = -k**2 + 13*k + 1. Let f(x) = -j(x) - 6*n(x). Let i be f(7). What is the remainder when 28 is divided by 15*((1 - i) + -1)?
13
Let j = 187 - 89. What is the remainder when j is divided by 25?
23
Suppose -5*f = -87 - 18. Calculate the remainder when f is divided by 6.
3
Let l = -1 + 1. Suppose -3*i + 0*i + 6 = l. Let u = 11 + -8. What is the remainder when u is divided by i?
1
Suppose 9*x - 81 = -0*x. Calculate the remainder when 35 is divided by x.
8
Suppose -69 + 9 = -a. Suppose 4*d - a = -20. Let w = d + 6. What is the remainder when 30 is divided by w?
14
Let z = -5 - -11. Suppose 35 = -n + z*n. Let m(v) = 2*v**2 + v - 2. Calculate the remainder when n is divided by m(-2).
3
Let f(w) = 2*w**2 + 6*w - 6. Calculate the remainder when f(3) is divided by 11.
8
Let i(v) = 8*v + 1. Suppose 12 = 2*n - 2*r, 4*n + 2*r + 8 = -2*r. What is the remainder when (-105)/10*42/(-9) is divided by i(n)?
15
Suppose -2*g + 5*a + 133 = 0, 2*a + 1 - 3 = 0. Calculate the remainder when g is divided by 37.
32
Let v(r) = -4 - r + 4*r + 3 + r**2. What is the remainder when 33 is divided by v(-6)?
16
Let p(l) = -18*l**3 + l**2 - 1. Calculate the remainder when 52 is divided by p(-1).
16
Let g(v) = -v**3 - 9*v**2 - 7*v + 13. Calculate the remainder when g(-9) is divided by 26.
24
Let i(r) = r - 7. Let d(j) = -j**3 + 2*j. Let u be d(2). What is the remainder when i(13) is divided by 8/3*(-6)/u?
2
Let v = 5 - 18. Let o = 27 + v. Calculate the remainder when o is divided by 4.
2
Suppose -z + m + 16 = 0, -5*m = -3*z + 13 + 25. What is the remainder when z is divided by 11?
10
Let g(y) = -y**3 + 5*y**2 + 1. What is the remainder when 62 is divided by g(3)?
5
Suppose -3*m = 2*m - h - 32, 2*h = m - 10. Let c = m + 0. Suppose -2*n - 8 = -c*n. Calculate the remainder when 3 is divided by n.
1
Let x(t) = -401*t - 1. Let k be x(-1). Suppose 3*s = 5*s - k. Suppose 0 = -4*m - r + 200, 2*r = -4*m - 2*r + s. Calculate the remainder when m is divided by 17.
16
Let j be (-3)/(-4) + 3375/12. Suppose 3*m + 5*t = 277, 5*m + 2*t - 186 = j. What is the remainder when m is divided by 24?
22
Let r be -1*10*(-5)/2. Let n = r + -11. Calculate the remainder when 39 is divided by n.
11
Let d(h) = -h + 88. Calculate the remainder when d(30) is divided by 23.
12
Suppose 0 = 5*v - 3 + 13. Let f(g) = -2*g**3 - 4*g**2 - 4*g - 2. Calculate the remainder when f(v) is divided by 2.
0
Let a be 6/(-8) - 55/(-20). Suppose r - 18 = -a*r. What is the remainder when 21 is divided by r?
3
Let v = 10 + -7. Suppose -v*h - 4 = -73. Calculate the remainder when h is divided by 8.
7
Suppose 0 = s - 56 + 6. Calculate the remainder when (-94)/(-10) + (-20)/s is divided by 4.
1
Suppose 0 = 5*y - 4*y - 8. Let v = -6 + y. Suppose -v*z + 0*z = -26. Calculate the remainder when 25 is divided by z.
12
Let h = -140 - -162. Calculate the remainder when 151 is divided by h.
19
Let a = 6 + 34. Calculate the remainder when a is divided by 11.
7
Suppose -5*f = -1 + 6. Calculate the remainder when (f - 0)/((-17)/34) is divided by 1.
0
What is the remainder when 34 is divided by (-30)/(-25)*((1 - 1) + 10)?
10
Suppose w + 1 - 6 = 0. What is the remainder when 17 is divided by w?
2
Let q(u) = -15*u**3 + u**2 + 2*u + 1. Let g be q(-1). Suppose -5*a = -g - 5. Suppose a*p + 0 = 16. What is the remainder when 11 is divided by p?
3
What is the remainder when 88*(-12)/8*2/(-6) is divided by 23?
21
Let u be (-4)/3*(-3)/2. Let a(x) = x**2 - x - 2. Let f be a(2). Let t = u - f. What is the remainder when 2 is divided by t?
0
Let b be 2*(11 - 13)*(-2)/2. Suppose -x + 152 = 5*m, -4*m - 64 + 640 = 4*x. Suppose -b*g = -6 - x. Calculate the remainder when g is divided by 10.
7
Suppose -v + 159 - 52 = j, -3*j - 2*v = -322. What is the remainder when j is divided by 22?
20
Suppose 3*u - 2*u + k = 48, 2*u = -5*k + 99. Calculate the remainder when u is divided by 25.
22
Calculate the remainder when (-12)/((-33)/(-39) + -1) is divided by 16.
14
Let q = 18 + -13. Suppose -h + 135 = 5*m, 0 = -m + 5*h + 22 + q. Let g = 2 - -5. What is the remainder when m is divided by g?
6
Let x = -17 + 42. Let n(i) be the second derivative of i**4/12 + i**3 + 7*i**2/2 - 7*i. What is the remainder when x is divided by n(-7)?
11
Suppose 2 = j + j, b = 2*j - 1. Calculate the remainder when 2 is divided by b.
0
Suppose 11*b = 337 + 125. What is the remainder when 125 is divided by b?
41
Suppose 0*m + 9 = 4*j + m, -j = 5*m + 12. Suppose 0 = -2*g - j + 33. What is the remainder when g is divided by 4?
3
Let d(x) = -78*x. Calculate the remainder when d(-1) is divided by 40.
38
Calculate the remainder when (-15)/(-105) + 1020/14 is divided by 25.
23
Let q = 84 - -63. What is the remainder when q is divided by 50?
47
Let v(u) = -u. Let z be v(-5). Let a = z + -3. Suppose -3*y = -a*y - 4. What is the remainder when y is divided by 3?
1
Let l(r) = r**2 + 2*r - 3. Let t be 0 + 0 - -2 - -1. Let b be l(t). Suppose b = -5*f + 6*f. Calculate the remainder when 22 is divided by f.
10
Let i be (7 - -3)*3/6. Let b = -3 + i. What is the remainder when b is divided by 2?
0
Let z(l) = 3*l - 7. Let m be z(4). What is the remainder when (-25)/(-2)*12/m is divided by 16?
14
Let l(x) = 82*x**2 - 15*x**2 + 3*x + 1 - x + 0*x. What is the remainder when l(-1) is divided by 23?
20
Let p = 13 + 13. Calculate the remainder when 49 is divi